*2 + 1108*x**2. What is g(7)?
-4
Let l(a) = -a - 2. Let f(i) = -2*i**2 + 11*i. Let o(k) = 4*k - 4. Let m be o(4). Suppose -17*y + m*y + 25 = 0. Let j be f(y). What is l(j)?
-7
Let z be (-6)/21 + 12/(-7). Let o(y) = 32*y**2 - 5*y - 7. Let t be o(-1). Let r(l) = 1 + l + t*l**2 - 17*l**2 - 12*l**2. What is r(z)?
3
Let h be (1/1 - 4)/(145 + 107016/(-735)). Suppose -3*u = 3*m, -m - u = m. Let r(s) = 5*s**2 + 1 + 2*s - 7 + m*s**3 - s**3. What is r(h)?
4
Let o(u) be the first derivative of 4*u**2 - 2*u**3 - 12 + 6*u - 1/4*u**4. What is o(-7)?
-1
Let f(n) = n**3 - 10*n**2 + 8*n + 17. Let v be f(9). Suppose -89 = v*l + 719. Let i = l - -103. Let g(m) = -16*m + 1. Give g(i).
-31
Let r(g) = -17*g - 1. Let a(o) = 4*o. Let p(s) = -9*a(s) - 2*r(s). Let c be (-5 + 145/30)/(29/(-6) + 5). Determine p(c).
4
Let d be ((-18)/(-15))/((-4)/(200/(-6))). Suppose 179*r = 174*r - d. Let m(t) = 10*t + 3. Determine m(r).
-17
Let i(o) = 23*o**2 + 33*o - 16. Let g(j) = 20*j**2 + 28*j - 16. Let c(l) = 8*g(l) - 7*i(l). Determine c(-5).
-6
Let x(q) = -4 + 5 + 29*q - 31*q. Let l(u) = 2*u**2 - 2*u. Suppose -r - r - 2 = 0. Let z be l(r). Calculate x(z).
-7
Let z be 1*(-4)/(-8)*4*1. Suppose z*h = 3*h - 3. Suppose m + 6 = q + 2, -28 = h*q + 5*m. Let i(b) = 11*b + 1. What is i(q)?
-10
Let o(i) = -13*i**3 + 6*i**2 - i + 6. Let u(c) = 13*c**3 - 7*c**2 + c - 7. Let t be 29/4 - ((-15)/(-12) + -1). Let q(b) = t*o(b) + 6*u(b). Calculate q(-1).
14
Let p(l) = -l + 26. Let f be p(-9). Suppose -48*s = -41*s + f. Let d(c) = 3*c**2 - 5 + 4 - 2*c**2 + 6 + 7*c. Give d(s).
-5
Let l(t) be the third derivative of -t**6/120 - t**5/10 - t**4/4 - t**3/6 - t**2 - 289*t. Let c = 9 - 14. What is l(c)?
4
Let g = 84 - 45. Let b = -48 + g. Let o be b/3 - (-3 + 0). Let p(y) = -y**2 - y + 6. What is p(o)?
6
Let h = -14 - -7. Let c(t) = -12*t**2 - 17*t + 24. Let k(z) = -5 - 9*z**2 + 3 - 8*z + 4*z**2 + 13. Let g(a) = -2*c(a) + 5*k(a). Determine g(h).
0
Let x be 25 - ((-304)/(-19) - -4). Let m(w) be the third derivative of 0*w + 0*w**4 - 1/30*w**x + 0 - 9*w**2 - 1/3*w**3. Give m(2).
-10
Let h(v) = 5*v + 5 + 0 + v**2 - 3. Let d = 212 - 152. Let q = d + -66. What is h(q)?
8
Suppose -32 = -26*m + 20. Suppose m*t + 2*k - 8 = 0, 0 = -3*k + 6 + 9. Let x(c) = 5*c**3 + 3*c + 2. Calculate x(t).
-6
Suppose -4*h - 176 = 4*h. Let z = 19 + h. Let v be 3 - (-1)/((-1)/z). Let c(d) = d**3 - 7*d**2 + 7*d - 7. What is c(v)?
-1
Let k(a) = -a - 7*a**2 + 4*a - a + a**3 - 8. Suppose -39 + 79 = 14*u - 58. Calculate k(u).
6
Let r(y) = y**3 - 18*y**2 + 32*y - 8. Let x be (2*(-4)/24)/((-18)/5184*6). Calculate r(x).
-8
Let u(o) = -5959 + 4*o - 6039 + 11880. What is u(31)?
6
Let x(y) = -y**3 + 9*y**2 + 2*y + 4. Let w = 4829 + -4820. Give x(w).
22
Let q(j) = j**3 - 5*j**2 - 7*j + 7. Let g be 7/(147/2676) + (-15)/35. Let a = g - 121. Determine q(a).
1
Suppose -k - 184 = -24*k. Let t(b) be the third derivative of -b**4/24 + b**3/2 + 25*b**2 + b. Determine t(k).
-5
Let a be 5/(60/213)*4. Suppose 74*q + 21 = a*q. Let y(i) = -i**3 - 7*i**2 + i - 3. What is y(q)?
-10
Suppose 324*s = 328*s - 96. Suppose 0 = 16*n - 24*n - s. Let o(p) = 3*p + 9. Calculate o(n).
0
Let w be (0/1)/(784 - 785). Let p(z) be the second derivative of -z**3/6 - 47*z**2/2 - 2*z. Determine p(w).
-47
Let d be 23 + 2 + 2 + 8 + -15. Suppose -13*b + d = 7*b. Let x(s) = 11*s**3 - s**2 + 1. Calculate x(b).
11
Suppose 758 = u + 2*u + 5*c, 5*u + c = 1278. Suppose 0 = u*l - 259*l - 15. Let d(h) = h**3 + 6*h**2 + 6*h + 1. What is d(l)?
-4
Let x(z) = -7*z + 110. Let l be (-2)/((-18)/(-270)*-2). Determine x(l).
5
Let t(a) = a + 1. Let c(p) = -p**2 - 16*p - 7. Let s(f) = c(f) + 6*t(f). Suppose 52*d - 672 = 136*d. Calculate s(d).
15
Let n(y) = -2*y + 15*y - 7*y - 6 - 8*y - 9*y. Determine n(-6).
60
Let m(b) = -b**2 + 2 + b**3 - 2*b - b**2 - 3*b**2. Let l be ((-28 - -6) + 2)*2/(-4). Suppose -6*v - 20 = -l*v. What is m(v)?
-8
Let i(d) be the second derivative of 0 + 1/6*d**3 - 17*d + 5*d**2. Let k be i(-6). Let f(x) = x**3 - 3*x**2 - 5*x + 5. Determine f(k).
1
Let u = -1250 - -1257. Let y(d) = -2*d**3 + 14*d**2 - 2*d + 7. Calculate y(u).
-7
Let s(f) be the second derivative of -f**4/4 - 7*f**3/6 + 5*f**2/2 - 2570*f. Determine s(2).
-21
Let k(f) = -3*f**3 + 16*f**2 + 16*f + 160. Let d(z) = -2*z**3 + 11*z**2 + 11*z + 102. Let y(m) = 8*d(m) - 5*k(m). Determine y(9).
7
Let y(s) = -7*s - s**3 - s**2 - 113 - 2*s**2 - 5*s**2 + 109. Let l = -3 + -4. Give y(l).
-4
Let p(n) = -n**3 - 6*n**2 + 14*n + 3. Let z be -20*8/(-16)*-1*4/5. Determine p(z).
19
Let u be -3 + ((-2)/(-2) - -14). Let h(y) = -y**3 + 13*y + 17 + 13*y**2 - 23*y**3 + u*y**3 + 13*y**3. Calculate h(-12).
5
Let d(a) be the third derivative of -41*a**4/12 + 5*a**3/3 - 204*a**2 + 4*a. Determine d(1).
-72
Suppose d + 1 = 5*v, -3*v - 27 - 6 = -2*d. Let b = -12 + d. Let y(h) = -3 - 8*h + 19*h - b*h. What is y(3)?
-6
Let v be 13 - (242/11)/11. Let j(i) = -i**3 + 12*i**2 - 9*i - 7. Calculate j(v).
15
Let s(l) = 15*l**3 + 14*l**2 + 16*l + 8. Let j(v) = 2*v**3 + v**2 + 2*v. Let h(m) = -8*j(m) + s(m). Calculate h(6).
8
Let y(f) = -f**2 - 42*f + 5. Let t(b) = 8*b**2 + 115*b - 14. Let c(r) = -4*t(r) - 11*y(r). Give c(-1).
-22
Let u(g) = 19. Let y(b) = b + 21. Let h be (6 - 80/12)/(2/(-6)). Let x(w) = h*y(w) - 3*u(w). Give x(10).
5
Let a(l) = -2*l + 7. Suppose -j - 8 = -3*j. Suppose 2*h = i + 4, 26 = -h - 4*i + 37. Suppose 2*o - h*y - 25 = -0*o, -5*y = j*o + 5. Determine a(o).
-3
Let u(v) = 8*v**2 - 7*v + 26. Let p(a) = -320*a**2 - 9 - 15 + 6*a + 313*a**2. Let d(y) = 7*p(y) + 6*u(y). Give d(0).
-12
Suppose 6*r - 4*r - 4*a - 106 = 0, 4*a = 3*r - 157. Let w be (0 + 3)*85/r. Let g(n) = w*n - 1 - n - 3*n + 5*n. Determine g(2).
11
Let w(j) = -17 + 12 - 3*j - 2*j - 16. Let u be w(-4). Let s(f) = -1 + f - 10*f + 4*f. Calculate s(u).
4
Let l be -2 - (-24)/10*(-80)/12. Let w(n) = n**2 + 15*n - 49. Let d be w(l). Let q(p) = p**3 - 6*p**2 + 8*p - 4. Calculate q(d).
11
Let k(y) = 3*y**2 - 19*y - 9. Let p(m) = -2*m**2 + 10*m + 5. Let q(j) = -3*k(j) - 5*p(j). Let o be 51*((-20)/12 + 2). Let v = -23 + o. Calculate q(v).
-4
Let f(t) = -122*t + 2438. Let k be f(20). Let y(r) = 10*r + 8. Let n(z) = 5*z + 4. Let h(s) = 11*n(s) - 6*y(s). Determine h(k).
6
Let w be (-51)/5*(12 + (-533)/39). Let v(m) = m**3 - 18*m**2 + 15*m + 37. Determine v(w).
3
Let p(y) = -y**3 - 27*y**2 + 4*y + 16. Let s be p(-27). Let q = s - -95. Let t(x) = -9*x - 1. Let w(k) = -8*k - 1. Let n(f) = 3*t(f) - 4*w(f). Determine n(q).
16
Let b(c) = -9 + 8*c - 7*c + 20. Let p be ((-260)/35 - 8/14) + -2. Calculate b(p).
1
Let u be 70/(-30) + (-2)/3. Let i(z) = -z**2 - z. Let q(a) = -3*a**2 - 3*a - 1. Let j(m) = 11*i(m) - 4*q(m). Calculate j(u).
10
Suppose -2*k + 3*k - 3 = 0. Let x(s) = -10*s - 4*s**2 - 167 + 326 - 172. Let a(p) = p**2 + 2*p + 3. Let b(g) = -9*a(g) - 2*x(g). Give b(k).
-4
Let r(x) = -5*x - 16. Suppose 3*l - 19 + 7 = 0. Let s(c) = c + 1. Let z(q) = l*s(q) + r(q). Suppose 3*y + 27 = 39, 3*u - 8 = -2*y. Determine z(u).
-12
Let g = 7320 + -7318. Let j(r) be the third derivative of 1/120*r**6 + 0 + 0*r**3 + 0*r + 1/15*r**5 - 36*r**g + 1/8*r**4. What is j(-2)?
2
Let d(t) = -139*t - 5. Let h(u) = -431*u - 13792. Let j be h(-32). Determine d(j).
-5
Let i = -3765 - -3768. Let s(x) = 52*x - 164. Calculate s(i).
-8
Let w(v) = -2 + 16 + 9*v + 14 - 3. What is w(-2)?
7
Let k(p) = -4*p + 19. Let x be (2/(-3))/((60/27)/10). What is k(x)?
31
Let x(i) = 5*i + 4*i**2 + 25 - 3 - i**3 - 15 + 9 - 1. Calculate x(6).
-27
Let d = 31 - 22. Let m(b) = b**2 - 11*b + d*b + 8 + 3*b + 3*b. Let g be m(-3). Let l(k) = k**3 - 5*k**2 + k. What is l(g)?
5
Let k(a) = 3*a**2 + 400*a - 284. Let v be k(-134). Let y(p) = -p**2 - 16*p - 12. Give y(v).
-12
Suppose 5*i = -5*a, 19*i - 21*i - 20 = -3*a. Let y(w) be the second derivative of -3*w - w**2 - w**3 - 5/12*w**a + 0 + 1/20*w**5. Calculate y(6).
-2
Let o(m) = -4*m + 99. Suppose 2*v - 2*v = 21*v - 441. Determine o(v).
15
Let l(g) = 3*g**2 + 56*g - 71. Let h(n) = n**2 + 22*n - 24. Let r(u) = -8*h(u) + 3*l(u). Calculate r(9).
-12
Let u(p) = 3*p + 12. Suppose 2 = -r, -4*r = 2*w - 19 - 29. Suppose -c - 11 = -0*g + 3*g, 4*c + w = -4*g. Determine u(c).
-3
Let l(c) be the first derivative of -c**4/4 + c**3/3 - c**2/2 + 2*c + 143. Let m(k) = 7*k**3 - 9*k**2 + 9*k - 13. Let u(f) = 5*l(